{"id":994,"date":"2018-05-25T10:13:09","date_gmt":"2018-05-25T08:13:09","guid":{"rendered":"http:\/\/judo.btc.pl\/?page_id=994"},"modified":"2021-01-16T17:17:34","modified_gmt":"2021-01-16T16:17:34","slug":"rodo-w-lts","status":"publish","type":"page","link":"https:\/\/judo.btc.pl\/?page_id=994","title":{"rendered":"RODO w KS SAKANA"},"content":{"rendered":"<p style=\"text-align: center;\"><strong>RODO w KS SAKANA,<br \/>\n<\/strong><strong>czyli zmiany w przepisach dotycz\u0105cych ochrony danych osobowych<\/strong><\/p>\n<p>&nbsp;<\/p>\n<p>Uprzejmie informujemy, \u017ce KS SAKANA z siedzib\u0105 przy ul. Zegrzy\u0144ska 15, w Legionowie przetwarza Pa\u0144stwa (dotyczy tak\u017ce dzieci pozostaj\u0105cych pod Pa\u0144stwa opiek\u0105) dane osobowe &#8211; <a href=\"http:\/\/sportlegionowo.wixsite.com\/sportlegionowo\/rodo-w-lts\" target=\"_blank\">link<\/a><\/p>\n<p>&nbsp;<\/p>\n","protected":false},"excerpt":{"rendered":"<p>RODO w KS SAKANA, czyli zmiany w przepisach dotycz\u0105cych ochrony danych osobowych &nbsp; Uprzejmie informujemy, \u017ce KS SAKANA z siedzib\u0105 przy ul. Zegrzy\u0144ska 15, w Legionowie przetwarza Pa\u0144stwa (dotyczy tak\u017ce dzieci pozostaj\u0105cych pod Pa\u0144stwa opiek\u0105) dane osobowe &#8211; link &nbsp;<\/p>\n","protected":false},"author":1,"featured_media":0,"parent":0,"menu_order":0,"comment_status":"closed","ping_status":"closed","template":"","meta":{"footnotes":""},"class_list":["post-994","page","type-page","status-publish","hentry"],"_links":{"self":[{"href":"https:\/\/judo.btc.pl\/index.php?rest_route=\/wp\/v2\/pages\/994"}],"collection":[{"href":"https:\/\/judo.btc.pl\/index.php?rest_route=\/wp\/v2\/pages"}],"about":[{"href":"https:\/\/judo.btc.pl\/index.php?rest_route=\/wp\/v2\/types\/page"}],"author":[{"embeddable":true,"href":"https:\/\/judo.btc.pl\/index.php?rest_route=\/wp\/v2\/users\/1"}],"replies":[{"embeddable":true,"href":"https:\/\/judo.btc.pl\/index.php?rest_route=%2Fwp%2Fv2%2Fcomments&post=994"}],"version-history":[{"count":4,"href":"https:\/\/judo.btc.pl\/index.php?rest_route=\/wp\/v2\/pages\/994\/revisions"}],"predecessor-version":[{"id":1154,"href":"https:\/\/judo.btc.pl\/index.php?rest_route=\/wp\/v2\/pages\/994\/revisions\/1154"}],"wp:attachment":[{"href":"https:\/\/judo.btc.pl\/index.php?rest_route=%2Fwp%2Fv2%2Fmedia&parent=994"}],"curies":[{"name":"wp","href":"https:\/\/api.w.org\/{rel}","templated":true}]}}