{"id":1310,"date":"2022-10-13T12:22:14","date_gmt":"2022-10-13T10:22:14","guid":{"rendered":"http:\/\/judo.btc.pl\/?page_id=1310"},"modified":"2024-09-10T10:55:29","modified_gmt":"2024-09-10T08:55:29","slug":"judo-w-zs-salezjanskich","status":"publish","type":"page","link":"https:\/\/judo.btc.pl\/?page_id=1310","title":{"rendered":"JUDO w Salezja\u0144skiej Szkole Podstawowej"},"content":{"rendered":"<header class=\"entry-header\">\n<h1 class=\"entry-title\">Zaj\u0119cia w Salezja\u0144skiej Szkole Podstawowej<\/h1>\n<\/header>\n<div class=\"entry-content\">\n<p><a href=\"http:\/\/judo.btc.pl\/wp-content\/uploads\/2022\/09\/logo-salezjanie.png\"><img loading=\"lazy\" decoding=\"async\" class=\"alignleft size-full wp-image-1304\" src=\"http:\/\/judo.btc.pl\/wp-content\/uploads\/2022\/09\/logo-salezjanie.png\" alt=\"logo salezjanie\" width=\"59\" height=\"59\" \/><\/a><\/p>\n<p>w sali gimnastycznej na specjalistycznym pod\u0142o\u017cu (tatami).<\/p>\n<p>Zaj\u0119cia zaczynaj\u0105 si\u0119 <strong>16 wrze\u015bnia<\/strong><strong> dla grupy <span style=\"color: #0000ff;\">S1 <\/span><\/strong>i, je\u017celi uzbiera si\u0119 grupa starsza<span style=\"color: #008000;\"><strong> S2<\/strong><\/span><\/p>\n<p>Zaj\u0119cia grupy <strong>S1<\/strong> b\u0119d\u0105 odbywa\u0142y si\u0119 raz w tygodniu w szkole w wymiarze 1 godziny (55 min) &#8211;<b>\u00a0<\/b><span style=\"color: #0000ff;\"><b>S1 JUDO<\/b><\/span><b>\u00a0<\/b><b>\u2013 dzieci z klas\u00a0<\/b><b>I-IV w poniedzia\u0142ki<\/b><b>\u00a0o godz. 1<\/b><b>3:45 <\/b>oraz, dla ch\u0119tnych, drugi trening do wyboru w klubie przy ul. Zegrzy\u0144skiej 15 zgodnie z grafikiem <a href=\"https:\/\/judo.btc.pl\/?page_id=11\">Grafik zaj\u0119\u0107<\/a> i wyborem grupy stosownie do wieku i umiej\u0119tno\u015bci.<\/p>\n<p>Zaj\u0119cia grupy <strong>S2<\/strong>\u00a0b\u0119d\u0105 odbywa\u0142y si\u0119 raz w tygodniu w szkole w wymiarze 1 godziny (55 min) &#8211;<b>\u00a0<\/b><span style=\"color: #008000;\"><b>S2 JUDO<\/b><\/span><b>\u00a0<\/b><b>\u2013 dzieci z klas V<\/b><b>-VII w poniedzia\u0142ki<\/b><b> o godz. 14<\/b><b>:45 <\/b>oraz, dla ch\u0119tnych, drugi trening do wyboru w klubie przy ul. Zegrzy\u0144skiej 15 zgodnie z grafikiem <a href=\"https:\/\/judo.btc.pl\/?page_id=11\">Grafik zaj\u0119\u0107<\/a> i wyborem grupy stosownie do wieku i umiej\u0119tno\u015bci.<\/p>\n<p>Dzieci przebywaj\u0105ce na \u015bwietlicy odbior\u0119 i przyprowadz\u0119 z powrotem (<a href=\"http:\/\/judo.btc.pl\/wp-content\/uploads\/2022\/09\/Upowa%C5%BCnienie-do-odbioru-ze-%C5%9Bwietlicy.odt\">Upowa\u017cnienie do odbioru ze \u015bwietlicy<\/a>\u00a0do wype\u0142nienia i pozostawienia w \u015bwietlicy w za\u0142\u0105czeniu).<\/p>\n<p>Zapisu na zaj\u0119cia dokonujemy poprzez stron\u0119 internetow\u0105 KS SAKANA &#8211; zak\u0142adka <a href=\"https:\/\/judo.btc.pl\/?page_id=1064\">zapisy<\/a>. Tam r\u00f3wnie\u017c znajdziecie niezb\u0119dne informacje dotycz\u0105ce zasad funkcjonowania klubu.<\/p>\n<p>Sk\u0142adka miesi\u0119czna za przynale\u017cno\u015b\u0107 do sekcji judo wynosi 110 z\u0142 (niezale\u017cnie od ilo\u015bci odbytych trening\u00f3w i ilo\u015bci wybranych grup treningowych). Udzia\u0142 w ka\u017cdym treningu w szkole wynosi 5 z\u0142, w klubie 10 z\u0142. Czyli: na pocz\u0105tku miesi\u0105ca op\u0142acamy sk\u0142adk\u0119 110 z\u0142, a w kolejnym miesi\u0105cu sk\u0142adk\u0119 bie\u017c\u0105c\u0105 plus sum\u0119 trening\u00f3w x 5\/10 z\u0142 z poprzedniego miesi\u0105ca. Warto\u015bci b\u0119d\u0105 si\u0119 wy\u015bwietla\u0142y po zalogowaniu na utworzone konto w systemie naszego klubu \u2013 <a href=\"https:\/\/judo.btc.pl\/?page_id=1066\">zaloguj<\/a>.<br \/>\nRodzinna zni\u017cka op\u0142at za treningi (nie dotyczy sk\u0142adki miesi\u0119cznej):\u00a020 z\u0142 za drug\u0105 osob\u0119 z rodziny (rodze\u0144stwo, rodzic),\u00a030 z\u0142 za trzeci\u0105 osob\u0119 i ka\u017cd\u0105 nast\u0119pn\u0105 z rodziny.<br \/>\nWp\u0142aty nale\u017cy dokona\u0107 na konto\u00a0\u00a0Klubu Sportowego SAKANA w banku PKO\u00a0BP 10102010260000160204585453 z podaniem w tytule przelewu IMI\u0118 NAZWISKO dziecka i miesi\u0105ca op\u0142aty (prosimy aby tytu\u0142 przelewu na pocz\u0105tku zawiera\u0142 imi\u0119 i nazwisko dziecka \u2013 bez przecink\u00f3w aby system dobrze rozpozna\u0142 wp\u0142at\u0119)<\/p>\n<p>Najnowsze informacje na\u00a0<a href=\"https:\/\/www.facebook.com\/SAKANAklubjudo\">https:\/\/www.facebook.com\/SAKANAklubjudo<\/a><\/p>\n<p>TRENER<br \/>\nJacek Ku\u017ami\u0144ski tel. 600-051-061<\/p>\n<\/div>\n","protected":false},"excerpt":{"rendered":"<p>Zaj\u0119cia w Salezja\u0144skiej Szkole Podstawowej w sali gimnastycznej na specjalistycznym pod\u0142o\u017cu (tatami). Zaj\u0119cia zaczynaj\u0105 si\u0119 16 wrze\u015bnia dla grupy S1 i, je\u017celi uzbiera si\u0119 grupa starsza S2 Zaj\u0119cia grupy S1 b\u0119d\u0105 odbywa\u0142y si\u0119 raz w tygodniu w szkole w wymiarze &hellip; <a href=\"https:\/\/judo.btc.pl\/?page_id=1310\">Czytaj dalej <span class=\"meta-nav\">&rarr;<\/span><\/a><\/p>\n","protected":false},"author":1,"featured_media":0,"parent":0,"menu_order":0,"comment_status":"closed","ping_status":"closed","template":"","meta":{"footnotes":""},"class_list":["post-1310","page","type-page","status-publish","hentry"],"_links":{"self":[{"href":"https:\/\/judo.btc.pl\/index.php?rest_route=\/wp\/v2\/pages\/1310"}],"collection":[{"href":"https:\/\/judo.btc.pl\/index.php?rest_route=\/wp\/v2\/pages"}],"about":[{"href":"https:\/\/judo.btc.pl\/index.php?rest_route=\/wp\/v2\/types\/page"}],"author":[{"embeddable":true,"href":"https:\/\/judo.btc.pl\/index.php?rest_route=\/wp\/v2\/users\/1"}],"replies":[{"embeddable":true,"href":"https:\/\/judo.btc.pl\/index.php?rest_route=%2Fwp%2Fv2%2Fcomments&post=1310"}],"version-history":[{"count":11,"href":"https:\/\/judo.btc.pl\/index.php?rest_route=\/wp\/v2\/pages\/1310\/revisions"}],"predecessor-version":[{"id":1537,"href":"https:\/\/judo.btc.pl\/index.php?rest_route=\/wp\/v2\/pages\/1310\/revisions\/1537"}],"wp:attachment":[{"href":"https:\/\/judo.btc.pl\/index.php?rest_route=%2Fwp%2Fv2%2Fmedia&parent=1310"}],"curies":[{"name":"wp","href":"https:\/\/api.w.org\/{rel}","templated":true}]}}

JUDO w Salezjańskiej Szkole Podstawowej

<header class="entry-header">
<h1 class="entry-title">Zajęcia w Salezjańskiej Szkole Podstawowej</h1>
</header>
<div class="entry-content">
<p><a href="http://judo.btc.pl/wp-content/uploads/2022/09/logo-salezjanie.png"><img loading="lazy" decoding="async" class="alignleft size-full wp-image-1304" src="http://judo.btc.pl/wp-content/uploads/2022/09/logo-salezjanie.png" alt="logo salezjanie" width="59" height="59" /></a></p>
<p>w sali gimnastycznej na specjalistycznym podłożu (tatami).</p>
<p>Zajęcia zaczynają się <strong>16 września</strong><strong> dla grupy <span style="color: #0000ff;">S1 </span></strong>i, jeżeli uzbiera się grupa starsza<span style="color: #008000;"><strong> S2</strong></span></p>
<p>Zajęcia grupy <strong>S1</strong> będą odbywały się raz w tygodniu w szkole w wymiarze 1 godziny (55 min) &#8211;<b> </b><span style="color: #0000ff;"><b>S1 JUDO</b></span><b> </b><b>– dzieci z klas </b><b>I-IV w poniedziałki</b><b> o godz. 1</b><b>3:45 </b>oraz, dla chętnych, drugi trening do wyboru w klubie przy ul. Zegrzyńskiej 15 zgodnie z grafikiem <a href="https://judo.btc.pl/?page_id=11">Grafik zajęć</a> i wyborem grupy stosownie do wieku i umiejętności.</p>
<p>Zajęcia grupy <strong>S2</strong> będą odbywały się raz w tygodniu w szkole w wymiarze 1 godziny (55 min) &#8211;<b> </b><span style="color: #008000;"><b>S2 JUDO</b></span><b> </b><b>– dzieci z klas V</b><b>-VII w poniedziałki</b><b> o godz. 14</b><b>:45 </b>oraz, dla chętnych, drugi trening do wyboru w klubie przy ul. Zegrzyńskiej 15 zgodnie z grafikiem <a href="https://judo.btc.pl/?page_id=11">Grafik zajęć</a> i wyborem grupy stosownie do wieku i umiejętności.</p>
<p>Dzieci przebywające na świetlicy odbiorę i przyprowadzę z powrotem (<a href="http://judo.btc.pl/wp-content/uploads/2022/09/Upowa%C5%BCnienie-do-odbioru-ze-%C5%9Bwietlicy.odt">Upoważnienie do odbioru ze świetlicy</a> do wypełnienia i pozostawienia w świetlicy w załączeniu).</p>
<p>Zapisu na zajęcia dokonujemy poprzez stronę internetową KS SAKANA &#8211; zakładka <a href="https://judo.btc.pl/?page_id=1064">zapisy</a>. Tam również znajdziecie niezbędne informacje dotyczące zasad funkcjonowania klubu.</p>
<p>Składka miesięczna za przynależność do sekcji judo wynosi 110 zł (niezależnie od ilości odbytych treningów i ilości wybranych grup treningowych). Udział w każdym treningu w szkole wynosi 5 zł, w klubie 10 zł. Czyli: na początku miesiąca opłacamy składkę 110 zł, a w kolejnym miesiącu składkę bieżącą plus sumę treningów x 5/10 zł z poprzedniego miesiąca. Wartości będą się wyświetlały po zalogowaniu na utworzone konto w systemie naszego klubu – <a href="https://judo.btc.pl/?page_id=1066">zaloguj</a>.<br />
Rodzinna zniżka opłat za treningi (nie dotyczy składki miesięcznej): 20 zł za drugą osobę z rodziny (rodzeństwo, rodzic), 30 zł za trzecią osobę i każdą następną z rodziny.<br />
Wpłaty należy dokonać na konto  Klubu Sportowego SAKANA w banku PKO BP 10102010260000160204585453 z podaniem w tytule przelewu IMIĘ NAZWISKO dziecka i miesiąca opłaty (prosimy aby tytuł przelewu na początku zawierał imię i nazwisko dziecka – bez przecinków aby system dobrze rozpoznał wpłatę)</p>
<p>Najnowsze informacje na <a href="https://www.facebook.com/SAKANAklubjudo">https://www.facebook.com/SAKANAklubjudo</a></p>
<p>TRENER<br />
Jacek Kuźmiński tel. 600-051-061</p>
</div>

<p>Zajęcia w Salezjańskiej Szkole Podstawowej w sali gimnastycznej na specjalistycznym podłożu (tatami). Zajęcia zaczynają się 16 września dla grupy S1 i, jeżeli uzbiera się grupa starsza S2 Zajęcia grupy S1 będą odbywały się raz w tygodniu w szkole w wymiarze &hellip; <a href="https://judo.btc.pl/?page_id=1310">Czytaj dalej <span class="meta-nav">&rarr;</span></a></p>
