{"id":296,"date":"2012-12-13T11:12:14","date_gmt":"2012-12-13T10:12:14","guid":{"rendered":"http:\/\/judo.btc.pl\/wp-content\/uploads\/2012\/11\/Zaci\u0119ta-walka-dziewcz\u0105t-z-prawej-Oliwia-Ku\u017ami\u0144ska-LTS.jpg"},"modified":"2012-12-13T11:12:14","modified_gmt":"2012-12-13T10:12:14","slug":"sony-dsc-15","status":"inherit","type":"attachment","link":"https:\/\/judo.btc.pl\/?attachment_id=296","title":{"rendered":"9.12.2012 VII Miko\u0142ajkowy Turniej Judo &#8211; walka dziewcz\u0105t"},"author":1,"featured_media":0,"comment_status":"closed","ping_status":"closed","template":"","meta":[],"class_list":["post-296","attachment","type-attachment","status-inherit","hentry"],"description":{"rendered":"<p class=\"attachment\"><a href='https:\/\/judo.btc.pl\/wp-content\/uploads\/2012\/11\/Zaci\u0119ta-walka-dziewcz\u0105t-z-prawej-Oliwia-Ku\u017ami\u0144ska-LTS.jpg'><img loading=\"lazy\" decoding=\"async\" width=\"199\" height=\"300\" src=\"https:\/\/judo.btc.pl\/wp-content\/uploads\/2012\/11\/Zaci\u0119ta-walka-dziewcz\u0105t-z-prawej-Oliwia-Ku\u017ami\u0144ska-LTS-199x300.jpg\" class=\"attachment-medium size-medium\" alt=\"\" srcset=\"https:\/\/judo.btc.pl\/wp-content\/uploads\/2012\/11\/Zaci\u0119ta-walka-dziewcz\u0105t-z-prawej-Oliwia-Ku\u017ami\u0144ska-LTS-199x300.jpg 199w, https:\/\/judo.btc.pl\/wp-content\/uploads\/2012\/11\/Zaci\u0119ta-walka-dziewcz\u0105t-z-prawej-Oliwia-Ku\u017ami\u0144ska-LTS-680x1024.jpg 680w, https:\/\/judo.btc.pl\/wp-content\/uploads\/2012\/11\/Zaci\u0119ta-walka-dziewcz\u0105t-z-prawej-Oliwia-Ku\u017ami\u0144ska-LTS.jpg 1739w\" sizes=\"(max-width: 199px) 100vw, 199px\" \/><\/a><\/p>\n"},"caption":{"rendered":""},"alt_text":"","media_type":"image","mime_type":"image\/jpeg","media_details":{"width":"1739","height":"2618","hwstring_small":"height='96' width='63'","file":"2012\/11\/Zaci\u0119ta-walka-dziewcz\u0105t-z-prawej-Oliwia-Ku\u017ami\u0144ska-LTS.jpg","sizes":{"thumbnail":{"file":"Zaci\u0119ta-walka-dziewcz\u0105t-z-prawej-Oliwia-Ku\u017ami\u0144ska-LTS-150x150.jpg","width":"150","height":"150","source_url":"https:\/\/judo.btc.pl\/wp-content\/uploads\/2012\/11\/Zaci\u0119ta-walka-dziewcz\u0105t-z-prawej-Oliwia-Ku\u017ami\u0144ska-LTS-150x150.jpg"},"medium":{"file":"Zaci\u0119ta-walka-dziewcz\u0105t-z-prawej-Oliwia-Ku\u017ami\u0144ska-LTS-199x300.jpg","width":"199","height":"300","source_url":"https:\/\/judo.btc.pl\/wp-content\/uploads\/2012\/11\/Zaci\u0119ta-walka-dziewcz\u0105t-z-prawej-Oliwia-Ku\u017ami\u0144ska-LTS-199x300.jpg"},"large":{"file":"Zaci\u0119ta-walka-dziewcz\u0105t-z-prawej-Oliwia-Ku\u017ami\u0144ska-LTS-680x1024.jpg","width":"680","height":"1024","source_url":"https:\/\/judo.btc.pl\/wp-content\/uploads\/2012\/11\/Zaci\u0119ta-walka-dziewcz\u0105t-z-prawej-Oliwia-Ku\u017ami\u0144ska-LTS-680x1024.jpg"},"post-thumbnail":{"file":"Zaci\u0119ta-walka-dziewcz\u0105t-z-prawej-Oliwia-Ku\u017ami\u0144ska-LTS-1000x288.jpg","width":"1000","height":"288","source_url":"https:\/\/judo.btc.pl\/wp-content\/uploads\/2012\/11\/Zaci\u0119ta-walka-dziewcz\u0105t-z-prawej-Oliwia-Ku\u017ami\u0144ska-LTS-1000x288.jpg"},"large-feature":{"file":"Zaci\u0119ta-walka-dziewcz\u0105t-z-prawej-Oliwia-Ku\u017ami\u0144ska-LTS-1000x288.jpg","width":"1000","height":"288","source_url":"https:\/\/judo.btc.pl\/wp-content\/uploads\/2012\/11\/Zaci\u0119ta-walka-dziewcz\u0105t-z-prawej-Oliwia-Ku\u017ami\u0144ska-LTS-1000x288.jpg"},"small-feature":{"file":"Zaci\u0119ta-walka-dziewcz\u0105t-z-prawej-Oliwia-Ku\u017ami\u0144ska-LTS-199x300.jpg","width":"199","height":"300","source_url":"https:\/\/judo.btc.pl\/wp-content\/uploads\/2012\/11\/Zaci\u0119ta-walka-dziewcz\u0105t-z-prawej-Oliwia-Ku\u017ami\u0144ska-LTS-199x300.jpg"},"full":{"file":"Zaci\u0119ta-walka-dziewcz\u0105t-z-prawej-Oliwia-Ku\u017ami\u0144ska-LTS.jpg","width":1739,"height":2618,"mime_type":"image\/jpeg","source_url":"https:\/\/judo.btc.pl\/wp-content\/uploads\/2012\/11\/Zaci\u0119ta-walka-dziewcz\u0105t-z-prawej-Oliwia-Ku\u017ami\u0144ska-LTS.jpg"}},"image_meta":{"aperture":"5.6","credit":"Picasa","camera":"DSLR-A300","caption":"","created_timestamp":"1355061967","copyright":"","focal_length":"50","iso":"400","shutter_speed":"0.0125","title":"SONY DSC"}},"post":179,"source_url":"https:\/\/judo.btc.pl\/wp-content\/uploads\/2012\/11\/Zaci\u0119ta-walka-dziewcz\u0105t-z-prawej-Oliwia-Ku\u017ami\u0144ska-LTS.jpg","_links":{"self":[{"href":"https:\/\/judo.btc.pl\/index.php?rest_route=\/wp\/v2\/media\/296"}],"collection":[{"href":"https:\/\/judo.btc.pl\/index.php?rest_route=\/wp\/v2\/media"}],"about":[{"href":"https:\/\/judo.btc.pl\/index.php?rest_route=\/wp\/v2\/types\/attachment"}],"author":[{"embeddable":true,"href":"https:\/\/judo.btc.pl\/index.php?rest_route=\/wp\/v2\/users\/1"}],"replies":[{"embeddable":true,"href":"https:\/\/judo.btc.pl\/index.php?rest_route=%2Fwp%2Fv2%2Fcomments&post=296"}]}}

http://judo.btc.pl/wp-content/uploads/2012/11/Zacięta-walka-dziewcząt-z-prawej-Oliwia-Kuźmińska-LTS.jpg

9.12.2012 VII Mikołajkowy Turniej Judo &#8211; walka dziewcząt

<p class="attachment"><a href='https://judo.btc.pl/wp-content/uploads/2012/11/Zacięta-walka-dziewcząt-z-prawej-Oliwia-Kuźmińska-LTS.jpg'><img loading="lazy" decoding="async" width="199" height="300" src="https://judo.btc.pl/wp-content/uploads/2012/11/Zacięta-walka-dziewcząt-z-prawej-Oliwia-Kuźmińska-LTS-199x300.jpg" class="attachment-medium size-medium" alt="" srcset="https://judo.btc.pl/wp-content/uploads/2012/11/Zacięta-walka-dziewcząt-z-prawej-Oliwia-Kuźmińska-LTS-199x300.jpg 199w, https://judo.btc.pl/wp-content/uploads/2012/11/Zacięta-walka-dziewcząt-z-prawej-Oliwia-Kuźmińska-LTS-680x1024.jpg 680w, https://judo.btc.pl/wp-content/uploads/2012/11/Zacięta-walka-dziewcząt-z-prawej-Oliwia-Kuźmińska-LTS.jpg 1739w" sizes="(max-width: 199px) 100vw, 199px" /></a></p>

2012/11/Zacięta-walka-dziewcząt-z-prawej-Oliwia-Kuźmińska-LTS.jpg

Zacięta-walka-dziewcząt-z-prawej-Oliwia-Kuźmińska-LTS-150x150.jpg

https://judo.btc.pl/wp-content/uploads/2012/11/Zacięta-walka-dziewcząt-z-prawej-Oliwia-Kuźmińska-LTS-150x150.jpg

Zacięta-walka-dziewcząt-z-prawej-Oliwia-Kuźmińska-LTS-199x300.jpg

https://judo.btc.pl/wp-content/uploads/2012/11/Zacięta-walka-dziewcząt-z-prawej-Oliwia-Kuźmińska-LTS-199x300.jpg

Zacięta-walka-dziewcząt-z-prawej-Oliwia-Kuźmińska-LTS-680x1024.jpg

https://judo.btc.pl/wp-content/uploads/2012/11/Zacięta-walka-dziewcząt-z-prawej-Oliwia-Kuźmińska-LTS-680x1024.jpg

Zacięta-walka-dziewcząt-z-prawej-Oliwia-Kuźmińska-LTS-1000x288.jpg

https://judo.btc.pl/wp-content/uploads/2012/11/Zacięta-walka-dziewcząt-z-prawej-Oliwia-Kuźmińska-LTS-1000x288.jpg

Zacięta-walka-dziewcząt-z-prawej-Oliwia-Kuźmińska-LTS.jpg

https://judo.btc.pl/wp-content/uploads/2012/11/Zacięta-walka-dziewcząt-z-prawej-Oliwia-Kuźmińska-LTS.jpg
