{"id":295,"date":"2012-12-13T11:12:06","date_gmt":"2012-12-13T10:12:06","guid":{"rendered":"http:\/\/judo.btc.pl\/wp-content\/uploads\/2012\/11\/Walka-fina\u0142owa-w-kategorii-do-31-kg-z-prawej-Krzysztof-Nowak-Wieliszew.jpg"},"modified":"2012-12-13T11:12:06","modified_gmt":"2012-12-13T10:12:06","slug":"sony-dsc-14","status":"inherit","type":"attachment","link":"https:\/\/judo.btc.pl\/?attachment_id=295","title":{"rendered":"9.12.2012 VII Miko\u0142ajkowy Turniej Judo &#8211; walka ch\u0142opc\u00f3w"},"author":1,"featured_media":0,"comment_status":"closed","ping_status":"closed","template":"","meta":[],"class_list":["post-295","attachment","type-attachment","status-inherit","hentry"],"description":{"rendered":"<p class=\"attachment\"><a href='https:\/\/judo.btc.pl\/wp-content\/uploads\/2012\/11\/Walka-fina\u0142owa-w-kategorii-do-31-kg-z-prawej-Krzysztof-Nowak-Wieliszew.jpg'><img loading=\"lazy\" decoding=\"async\" width=\"300\" height=\"200\" src=\"https:\/\/judo.btc.pl\/wp-content\/uploads\/2012\/11\/Walka-fina\u0142owa-w-kategorii-do-31-kg-z-prawej-Krzysztof-Nowak-Wieliszew-300x200.jpg\" class=\"attachment-medium size-medium\" alt=\"\" srcset=\"https:\/\/judo.btc.pl\/wp-content\/uploads\/2012\/11\/Walka-fina\u0142owa-w-kategorii-do-31-kg-z-prawej-Krzysztof-Nowak-Wieliszew-300x200.jpg 300w, https:\/\/judo.btc.pl\/wp-content\/uploads\/2012\/11\/Walka-fina\u0142owa-w-kategorii-do-31-kg-z-prawej-Krzysztof-Nowak-Wieliszew-1024x685.jpg 1024w, https:\/\/judo.btc.pl\/wp-content\/uploads\/2012\/11\/Walka-fina\u0142owa-w-kategorii-do-31-kg-z-prawej-Krzysztof-Nowak-Wieliszew-448x300.jpg 448w\" sizes=\"(max-width: 300px) 100vw, 300px\" \/><\/a><\/p>\n"},"caption":{"rendered":""},"alt_text":"","media_type":"image","mime_type":"image\/jpeg","media_details":{"width":"3872","height":"2592","hwstring_small":"height='85' width='128'","file":"2012\/11\/Walka-fina\u0142owa-w-kategorii-do-31-kg-z-prawej-Krzysztof-Nowak-Wieliszew.jpg","sizes":{"thumbnail":{"file":"Walka-fina\u0142owa-w-kategorii-do-31-kg-z-prawej-Krzysztof-Nowak-Wieliszew-150x150.jpg","width":"150","height":"150","source_url":"https:\/\/judo.btc.pl\/wp-content\/uploads\/2012\/11\/Walka-fina\u0142owa-w-kategorii-do-31-kg-z-prawej-Krzysztof-Nowak-Wieliszew-150x150.jpg"},"medium":{"file":"Walka-fina\u0142owa-w-kategorii-do-31-kg-z-prawej-Krzysztof-Nowak-Wieliszew-300x200.jpg","width":"300","height":"200","source_url":"https:\/\/judo.btc.pl\/wp-content\/uploads\/2012\/11\/Walka-fina\u0142owa-w-kategorii-do-31-kg-z-prawej-Krzysztof-Nowak-Wieliszew-300x200.jpg"},"large":{"file":"Walka-fina\u0142owa-w-kategorii-do-31-kg-z-prawej-Krzysztof-Nowak-Wieliszew-1024x685.jpg","width":"1024","height":"685","source_url":"https:\/\/judo.btc.pl\/wp-content\/uploads\/2012\/11\/Walka-fina\u0142owa-w-kategorii-do-31-kg-z-prawej-Krzysztof-Nowak-Wieliszew-1024x685.jpg"},"post-thumbnail":{"file":"Walka-fina\u0142owa-w-kategorii-do-31-kg-z-prawej-Krzysztof-Nowak-Wieliszew-1000x288.jpg","width":"1000","height":"288","source_url":"https:\/\/judo.btc.pl\/wp-content\/uploads\/2012\/11\/Walka-fina\u0142owa-w-kategorii-do-31-kg-z-prawej-Krzysztof-Nowak-Wieliszew-1000x288.jpg"},"large-feature":{"file":"Walka-fina\u0142owa-w-kategorii-do-31-kg-z-prawej-Krzysztof-Nowak-Wieliszew-1000x288.jpg","width":"1000","height":"288","source_url":"https:\/\/judo.btc.pl\/wp-content\/uploads\/2012\/11\/Walka-fina\u0142owa-w-kategorii-do-31-kg-z-prawej-Krzysztof-Nowak-Wieliszew-1000x288.jpg"},"small-feature":{"file":"Walka-fina\u0142owa-w-kategorii-do-31-kg-z-prawej-Krzysztof-Nowak-Wieliszew-448x300.jpg","width":"448","height":"300","source_url":"https:\/\/judo.btc.pl\/wp-content\/uploads\/2012\/11\/Walka-fina\u0142owa-w-kategorii-do-31-kg-z-prawej-Krzysztof-Nowak-Wieliszew-448x300.jpg"},"full":{"file":"Walka-fina\u0142owa-w-kategorii-do-31-kg-z-prawej-Krzysztof-Nowak-Wieliszew.jpg","width":3872,"height":2592,"mime_type":"image\/jpeg","source_url":"https:\/\/judo.btc.pl\/wp-content\/uploads\/2012\/11\/Walka-fina\u0142owa-w-kategorii-do-31-kg-z-prawej-Krzysztof-Nowak-Wieliszew.jpg"}},"image_meta":{"aperture":"7.1","credit":"Picasa","camera":"DSLR-A300","caption":"","created_timestamp":"1355059506","copyright":"","focal_length":"70","iso":"400","shutter_speed":"0.008","title":"SONY DSC"}},"post":179,"source_url":"https:\/\/judo.btc.pl\/wp-content\/uploads\/2012\/11\/Walka-fina\u0142owa-w-kategorii-do-31-kg-z-prawej-Krzysztof-Nowak-Wieliszew.jpg","_links":{"self":[{"href":"https:\/\/judo.btc.pl\/index.php?rest_route=\/wp\/v2\/media\/295"}],"collection":[{"href":"https:\/\/judo.btc.pl\/index.php?rest_route=\/wp\/v2\/media"}],"about":[{"href":"https:\/\/judo.btc.pl\/index.php?rest_route=\/wp\/v2\/types\/attachment"}],"author":[{"embeddable":true,"href":"https:\/\/judo.btc.pl\/index.php?rest_route=\/wp\/v2\/users\/1"}],"replies":[{"embeddable":true,"href":"https:\/\/judo.btc.pl\/index.php?rest_route=%2Fwp%2Fv2%2Fcomments&post=295"}]}}

http://judo.btc.pl/wp-content/uploads/2012/11/Walka-finałowa-w-kategorii-do-31-kg-z-prawej-Krzysztof-Nowak-Wieliszew.jpg

9.12.2012 VII Mikołajkowy Turniej Judo &#8211; walka chłopców

<p class="attachment"><a href='https://judo.btc.pl/wp-content/uploads/2012/11/Walka-finałowa-w-kategorii-do-31-kg-z-prawej-Krzysztof-Nowak-Wieliszew.jpg'><img loading="lazy" decoding="async" width="300" height="200" src="https://judo.btc.pl/wp-content/uploads/2012/11/Walka-finałowa-w-kategorii-do-31-kg-z-prawej-Krzysztof-Nowak-Wieliszew-300x200.jpg" class="attachment-medium size-medium" alt="" srcset="https://judo.btc.pl/wp-content/uploads/2012/11/Walka-finałowa-w-kategorii-do-31-kg-z-prawej-Krzysztof-Nowak-Wieliszew-300x200.jpg 300w, https://judo.btc.pl/wp-content/uploads/2012/11/Walka-finałowa-w-kategorii-do-31-kg-z-prawej-Krzysztof-Nowak-Wieliszew-1024x685.jpg 1024w, https://judo.btc.pl/wp-content/uploads/2012/11/Walka-finałowa-w-kategorii-do-31-kg-z-prawej-Krzysztof-Nowak-Wieliszew-448x300.jpg 448w" sizes="(max-width: 300px) 100vw, 300px" /></a></p>

2012/11/Walka-finałowa-w-kategorii-do-31-kg-z-prawej-Krzysztof-Nowak-Wieliszew.jpg

Walka-finałowa-w-kategorii-do-31-kg-z-prawej-Krzysztof-Nowak-Wieliszew-150x150.jpg

https://judo.btc.pl/wp-content/uploads/2012/11/Walka-finałowa-w-kategorii-do-31-kg-z-prawej-Krzysztof-Nowak-Wieliszew-150x150.jpg

Walka-finałowa-w-kategorii-do-31-kg-z-prawej-Krzysztof-Nowak-Wieliszew-300x200.jpg

https://judo.btc.pl/wp-content/uploads/2012/11/Walka-finałowa-w-kategorii-do-31-kg-z-prawej-Krzysztof-Nowak-Wieliszew-300x200.jpg

Walka-finałowa-w-kategorii-do-31-kg-z-prawej-Krzysztof-Nowak-Wieliszew-1024x685.jpg

https://judo.btc.pl/wp-content/uploads/2012/11/Walka-finałowa-w-kategorii-do-31-kg-z-prawej-Krzysztof-Nowak-Wieliszew-1024x685.jpg

Walka-finałowa-w-kategorii-do-31-kg-z-prawej-Krzysztof-Nowak-Wieliszew-1000x288.jpg

https://judo.btc.pl/wp-content/uploads/2012/11/Walka-finałowa-w-kategorii-do-31-kg-z-prawej-Krzysztof-Nowak-Wieliszew-1000x288.jpg

Walka-finałowa-w-kategorii-do-31-kg-z-prawej-Krzysztof-Nowak-Wieliszew-448x300.jpg

https://judo.btc.pl/wp-content/uploads/2012/11/Walka-finałowa-w-kategorii-do-31-kg-z-prawej-Krzysztof-Nowak-Wieliszew-448x300.jpg

Walka-finałowa-w-kategorii-do-31-kg-z-prawej-Krzysztof-Nowak-Wieliszew.jpg

https://judo.btc.pl/wp-content/uploads/2012/11/Walka-finałowa-w-kategorii-do-31-kg-z-prawej-Krzysztof-Nowak-Wieliszew.jpg
