{"id":242,"date":"2012-11-28T21:37:50","date_gmt":"2012-11-28T20:37:50","guid":{"rendered":"http:\/\/judo.btc.pl\/wp-content\/uploads\/2012\/11\/Najm\u0142odsza-zawodniczka-Oliwia-Ku\u017ami\u0144ska-w-zwyci\u0119skiej-walce.jpg"},"modified":"2012-11-28T21:37:50","modified_gmt":"2012-11-28T20:37:50","slug":"sony-dsc-10","status":"inherit","type":"attachment","link":"https:\/\/judo.btc.pl\/?attachment_id=242","title":{"rendered":"24.06.2012 Wieliszew &#8211; Najm\u0142odsza zawodniczka turnieju &#8211; Oliwia"},"author":1,"featured_media":0,"comment_status":"closed","ping_status":"closed","template":"","meta":[],"class_list":["post-242","attachment","type-attachment","status-inherit","hentry"],"description":{"rendered":"<p class=\"attachment\"><a href='https:\/\/judo.btc.pl\/wp-content\/uploads\/2012\/11\/Najm\u0142odsza-zawodniczka-Oliwia-Ku\u017ami\u0144ska-w-zwyci\u0119skiej-walce.jpg'><img loading=\"lazy\" decoding=\"async\" width=\"300\" height=\"200\" src=\"https:\/\/judo.btc.pl\/wp-content\/uploads\/2012\/11\/Najm\u0142odsza-zawodniczka-Oliwia-Ku\u017ami\u0144ska-w-zwyci\u0119skiej-walce-300x200.jpg\" class=\"attachment-medium size-medium\" alt=\"\" srcset=\"https:\/\/judo.btc.pl\/wp-content\/uploads\/2012\/11\/Najm\u0142odsza-zawodniczka-Oliwia-Ku\u017ami\u0144ska-w-zwyci\u0119skiej-walce-300x200.jpg 300w, https:\/\/judo.btc.pl\/wp-content\/uploads\/2012\/11\/Najm\u0142odsza-zawodniczka-Oliwia-Ku\u017ami\u0144ska-w-zwyci\u0119skiej-walce-1024x684.jpg 1024w, https:\/\/judo.btc.pl\/wp-content\/uploads\/2012\/11\/Najm\u0142odsza-zawodniczka-Oliwia-Ku\u017ami\u0144ska-w-zwyci\u0119skiej-walce-448x300.jpg 448w, https:\/\/judo.btc.pl\/wp-content\/uploads\/2012\/11\/Najm\u0142odsza-zawodniczka-Oliwia-Ku\u017ami\u0144ska-w-zwyci\u0119skiej-walce.jpg 1733w\" sizes=\"(max-width: 300px) 100vw, 300px\" \/><\/a><\/p>\n"},"caption":{"rendered":""},"alt_text":"","media_type":"image","mime_type":"image\/jpeg","media_details":{"width":"1733","height":"1159","hwstring_small":"height='85' width='128'","file":"2012\/11\/Najm\u0142odsza-zawodniczka-Oliwia-Ku\u017ami\u0144ska-w-zwyci\u0119skiej-walce.jpg","sizes":{"thumbnail":{"file":"Najm\u0142odsza-zawodniczka-Oliwia-Ku\u017ami\u0144ska-w-zwyci\u0119skiej-walce-150x150.jpg","width":"150","height":"150","source_url":"https:\/\/judo.btc.pl\/wp-content\/uploads\/2012\/11\/Najm\u0142odsza-zawodniczka-Oliwia-Ku\u017ami\u0144ska-w-zwyci\u0119skiej-walce-150x150.jpg"},"medium":{"file":"Najm\u0142odsza-zawodniczka-Oliwia-Ku\u017ami\u0144ska-w-zwyci\u0119skiej-walce-300x200.jpg","width":"300","height":"200","source_url":"https:\/\/judo.btc.pl\/wp-content\/uploads\/2012\/11\/Najm\u0142odsza-zawodniczka-Oliwia-Ku\u017ami\u0144ska-w-zwyci\u0119skiej-walce-300x200.jpg"},"large":{"file":"Najm\u0142odsza-zawodniczka-Oliwia-Ku\u017ami\u0144ska-w-zwyci\u0119skiej-walce-1024x684.jpg","width":"1024","height":"684","source_url":"https:\/\/judo.btc.pl\/wp-content\/uploads\/2012\/11\/Najm\u0142odsza-zawodniczka-Oliwia-Ku\u017ami\u0144ska-w-zwyci\u0119skiej-walce-1024x684.jpg"},"post-thumbnail":{"file":"Najm\u0142odsza-zawodniczka-Oliwia-Ku\u017ami\u0144ska-w-zwyci\u0119skiej-walce-1000x288.jpg","width":"1000","height":"288","source_url":"https:\/\/judo.btc.pl\/wp-content\/uploads\/2012\/11\/Najm\u0142odsza-zawodniczka-Oliwia-Ku\u017ami\u0144ska-w-zwyci\u0119skiej-walce-1000x288.jpg"},"large-feature":{"file":"Najm\u0142odsza-zawodniczka-Oliwia-Ku\u017ami\u0144ska-w-zwyci\u0119skiej-walce-1000x288.jpg","width":"1000","height":"288","source_url":"https:\/\/judo.btc.pl\/wp-content\/uploads\/2012\/11\/Najm\u0142odsza-zawodniczka-Oliwia-Ku\u017ami\u0144ska-w-zwyci\u0119skiej-walce-1000x288.jpg"},"small-feature":{"file":"Najm\u0142odsza-zawodniczka-Oliwia-Ku\u017ami\u0144ska-w-zwyci\u0119skiej-walce-448x300.jpg","width":"448","height":"300","source_url":"https:\/\/judo.btc.pl\/wp-content\/uploads\/2012\/11\/Najm\u0142odsza-zawodniczka-Oliwia-Ku\u017ami\u0144ska-w-zwyci\u0119skiej-walce-448x300.jpg"},"full":{"file":"Najm\u0142odsza-zawodniczka-Oliwia-Ku\u017ami\u0144ska-w-zwyci\u0119skiej-walce.jpg","width":1733,"height":1159,"mime_type":"image\/jpeg","source_url":"https:\/\/judo.btc.pl\/wp-content\/uploads\/2012\/11\/Najm\u0142odsza-zawodniczka-Oliwia-Ku\u017ami\u0144ska-w-zwyci\u0119skiej-walce.jpg"}},"image_meta":{"aperture":"6.3","credit":"Picasa","camera":"DSLR-A300","caption":"","created_timestamp":"1340537395","copyright":"","focal_length":"70","iso":"400","shutter_speed":"0.01","title":"SONY DSC"}},"post":179,"source_url":"https:\/\/judo.btc.pl\/wp-content\/uploads\/2012\/11\/Najm\u0142odsza-zawodniczka-Oliwia-Ku\u017ami\u0144ska-w-zwyci\u0119skiej-walce.jpg","_links":{"self":[{"href":"https:\/\/judo.btc.pl\/index.php?rest_route=\/wp\/v2\/media\/242"}],"collection":[{"href":"https:\/\/judo.btc.pl\/index.php?rest_route=\/wp\/v2\/media"}],"about":[{"href":"https:\/\/judo.btc.pl\/index.php?rest_route=\/wp\/v2\/types\/attachment"}],"author":[{"embeddable":true,"href":"https:\/\/judo.btc.pl\/index.php?rest_route=\/wp\/v2\/users\/1"}],"replies":[{"embeddable":true,"href":"https:\/\/judo.btc.pl\/index.php?rest_route=%2Fwp%2Fv2%2Fcomments&post=242"}]}}

http://judo.btc.pl/wp-content/uploads/2012/11/Najmłodsza-zawodniczka-Oliwia-Kuźmińska-w-zwycięskiej-walce.jpg

24.06.2012 Wieliszew &#8211; Najmłodsza zawodniczka turnieju &#8211; Oliwia

<p class="attachment"><a href='https://judo.btc.pl/wp-content/uploads/2012/11/Najmłodsza-zawodniczka-Oliwia-Kuźmińska-w-zwycięskiej-walce.jpg'><img loading="lazy" decoding="async" width="300" height="200" src="https://judo.btc.pl/wp-content/uploads/2012/11/Najmłodsza-zawodniczka-Oliwia-Kuźmińska-w-zwycięskiej-walce-300x200.jpg" class="attachment-medium size-medium" alt="" srcset="https://judo.btc.pl/wp-content/uploads/2012/11/Najmłodsza-zawodniczka-Oliwia-Kuźmińska-w-zwycięskiej-walce-300x200.jpg 300w, https://judo.btc.pl/wp-content/uploads/2012/11/Najmłodsza-zawodniczka-Oliwia-Kuźmińska-w-zwycięskiej-walce-1024x684.jpg 1024w, https://judo.btc.pl/wp-content/uploads/2012/11/Najmłodsza-zawodniczka-Oliwia-Kuźmińska-w-zwycięskiej-walce-448x300.jpg 448w, https://judo.btc.pl/wp-content/uploads/2012/11/Najmłodsza-zawodniczka-Oliwia-Kuźmińska-w-zwycięskiej-walce.jpg 1733w" sizes="(max-width: 300px) 100vw, 300px" /></a></p>

2012/11/Najmłodsza-zawodniczka-Oliwia-Kuźmińska-w-zwycięskiej-walce.jpg

Najmłodsza-zawodniczka-Oliwia-Kuźmińska-w-zwycięskiej-walce-150x150.jpg

https://judo.btc.pl/wp-content/uploads/2012/11/Najmłodsza-zawodniczka-Oliwia-Kuźmińska-w-zwycięskiej-walce-150x150.jpg

Najmłodsza-zawodniczka-Oliwia-Kuźmińska-w-zwycięskiej-walce-300x200.jpg

https://judo.btc.pl/wp-content/uploads/2012/11/Najmłodsza-zawodniczka-Oliwia-Kuźmińska-w-zwycięskiej-walce-300x200.jpg

Najmłodsza-zawodniczka-Oliwia-Kuźmińska-w-zwycięskiej-walce-1024x684.jpg

https://judo.btc.pl/wp-content/uploads/2012/11/Najmłodsza-zawodniczka-Oliwia-Kuźmińska-w-zwycięskiej-walce-1024x684.jpg

Najmłodsza-zawodniczka-Oliwia-Kuźmińska-w-zwycięskiej-walce-1000x288.jpg

https://judo.btc.pl/wp-content/uploads/2012/11/Najmłodsza-zawodniczka-Oliwia-Kuźmińska-w-zwycięskiej-walce-1000x288.jpg

Najmłodsza-zawodniczka-Oliwia-Kuźmińska-w-zwycięskiej-walce-448x300.jpg

https://judo.btc.pl/wp-content/uploads/2012/11/Najmłodsza-zawodniczka-Oliwia-Kuźmińska-w-zwycięskiej-walce-448x300.jpg

Najmłodsza-zawodniczka-Oliwia-Kuźmińska-w-zwycięskiej-walce.jpg

https://judo.btc.pl/wp-content/uploads/2012/11/Najmłodsza-zawodniczka-Oliwia-Kuźmińska-w-zwycięskiej-walce.jpg
